1)/5)?
3
Suppose -5*d = 6 + 9, d = -5*a + 72. Calculate the remainder when 191 is divided by a.
11
Suppose 0 = 30*p + 38*p - 2584. What is the remainder when p is divided by 16?
6
Suppose -68*o = -74*o + 102. Suppose u - 6 = -1. Calculate the remainder when o is divided by u.
2
Calculate the remainder when (1 + (-342)/10)*60/(-24) is divided by 46.
37
Let v = -1035 - -1038. What is the remainder when 91 is divided by v?
1
Suppose 3*w + 2*w + 5*p = 310, 5*w + 2*p = 301. What is the remainder when w is divided by 33?
26
Let q(t) = 13*t + 1003. What is the remainder when q(-53) is divided by 20?
14
Let c(f) = f**3 + 16*f**2 - 2*f - 22. Suppose -46 + 14 = 2*j. Calculate the remainder when 39 is divided by c(j).
9
Suppose -37 + 167 = 2*s. Suppose -s - 158 = -3*p - d, 3*p - 4*d - 218 = 0. What is the remainder when p is divided by 25?
24
Let r = -909 + 917. Calculate the remainder when 26 is divided by r.
2
Suppose -142 + 27 = -5*o. Let s(y) = y**2 + 6*y - 17. Let l be s(-8). What is the remainder when o is divided by 1/(23/(-8) + 4 + l)?
7
Suppose -v - 2*h = -108, 64*h = 4*v + 63*h - 405. Calculate the remainder when v is divided by 57.
45
Let w = -52 - -82. Calculate the remainder when 205 is divided by w.
25
Suppose 0*y - 5*y + 115 = 0. Suppose -f - 6 = 30. Calculate the remainder when (-2368)/f - (16/(-36))/2 is divided by y.
20
Let z = 361 + -314. Calculate the remainder when 234 is divided by z.
46
Let x be (-230)/(-40)*8 - 2. Let o be (258/8)/((-3)/(-8)). Let i = o - x. What is the remainder when i is divided by 15?
12
Calculate the remainder when 133 is divided by (-14 + 2 + 49)/1.
22
Let k(m) = m**2 - m + 26. What is the remainder when (-2)/4 + (-7164)/27*(-3)/8 is divided by k(0)?
21
Let p(v) = -v + 31. Let c = 3 + 6. What is the remainder when p(-4) is divided by c?
8
Let n(o) = 6*o**2 + 4*o + 4. Let h(t) = 22*t**2 - 2*t - 2. Let r be h(-1). What is the remainder when n(-3) is divided by ((-8)/(-6))/(r/(-33))*-4?
6
Let i = -1 + 50. Let y(r) = -2*r**2 + r + 33. Let u(o) = o**2 - o - 17. Let k(x) = -11*u(x) - 6*y(x). What is the remainder when i is divided by k(-8)?
10
Let x = -22 - 108. Let y = -125 - x. Calculate the remainder when 23*2/(-8)*-4 is divided by y.
3
Suppose 9*k - 55 = -19. Calculate the remainder when k/10 - (-2 - 2739/15) is divided by 47.
44
Let n(i) = 16*i**2 - i + 2. Suppose -201*p - 288 = -217*p. Calculate the remainder when n(2) is divided by p.
10
Suppose 2 = 5*v - 18. Suppose v*o + i = 25, 2*i - 14 - 18 = -5*o. What is the remainder when 20 is divided by o?
2
Suppose d - 5*d - 5*f = -3, 4*d = 4*f + 12. Suppose -5*b + 88 = 2*y, -d*y = 4*b - 48 - 36. Calculate the remainder when y is divided by 24.
10
Let q be 2 - 3 - (-71)/1. Suppose -m - q = -6*m. Let l = 0 + m. Calculate the remainder when l is divided by 8.
6
Suppose k - 263 + 246 = 0. Suppose 0 = 4*z + 5*s + 19 - 167, 0 = -3*z + 3*s + 84. Calculate the remainder when z is divided by k.
15
Let b(h) = h - 6. Let v be b(12). Let x = -249 + 272. Calculate the remainder when (-202)/(-3) + 4/v is divided by x.
22
Let h(j) = 6*j**2 + 1 - j**2 - 3*j**2 - j**2. Calculate the remainder when 48 is divided by h(3).
8
Suppose -28 = g - 4*z, z + 2 - 7 = 0. Let l = g - -15. What is the remainder when 41 is divided by l?
6
Let v be -2*((-15)/(-6))/(-1). Let l = v - -5. Calculate the remainder when l is divided by 4.
2
Suppose -2*f + 15 = -21. Let u(o) = o - 1. Let x be u(-3). Let k = x + 14. What is the remainder when f is divided by k?
8
Calculate the remainder when 8/((-8)/4)*1 - -342 is divided by 10.
8
Let g be (16/(-24))/(2/(-15)). Suppose 5 = g*i - 5. Calculate the remainder when 6 is divided by i.
0
Let h(w) = 2*w + 8. Let d(c) = -3*c - 17. Let q(z) = -4*d(z) - 7*h(z). What is the remainder when 46 is divided by q(0)?
10
Let m = -7 + 10. Suppose 0 - m = u. Let a(d) = -d**3 - 3*d**2 - 3*d - 4. Calculate the remainder when a(u) is divided by 3.
2
Let i(c) = 6*c + 55. What is the remainder when 108 is divided by i(-6)?
13
Let j(x) = -9*x - 9. Let g be j(-1). Suppose g = 2*y - 33 - 35. What is the remainder when 112 is divided by y?
10
Let j = 118 - 104. Calculate the remainder when 23 is divided by j.
9
Let f be (-9)/((-57)/(-27) - 2). Let q = -70 - f. Suppose 0 = -j + 18 + 25. Calculate the remainder when j is divided by q.
10
Let s = 23 + -29. What is the remainder when 101 is divided by ((-52)/s)/((-3)/(-9))?
23
Suppose 12*v - 216 = 4*v. Calculate the remainder when (-4)/(-18) + -2 + 1452/v is divided by 28.
24
Suppose -3*x = b - 67, 2*x + 2 = -0. Calculate the remainder when b is divided by 38.
32
Let b(j) = -13*j - 1. Let r = 306 + -210. What is the remainder when r is divided by b(-2)?
21
Let d(x) = 4*x**2 - 5*x + 2. Suppose -9*q = -8*q - 3. Calculate the remainder when 158 is divided by d(q).
20
Let x(p) = -38*p - 2. Let z be x(2). Let t = -47 - z. What is the remainder when t is divided by ((-4)/3)/((-5)/30)?
7
Let x(l) = 2*l**3 - 8*l**2 - 10*l + 6. Calculate the remainder when x(7) is divided by 33.
32
Let c be ((-931)/38)/((-3)/6). Let i = -29 + 58. Let l = c - i. Calculate the remainder when 37 is divided by l.
17
Suppose 4*l - 2*l - 70 = 0. Let p = l + -2. What is the remainder when 62 is divided by p?
29
Let q = 67 + 5. Let b(g) = g**2 + 7*g - 23. Calculate the remainder when q is divided by b(5).
35
Let b be (-9)/((-45)/(-10)) - -2. Suppose b = 7*d - 14*d + 70. Calculate the remainder when 26 is divided by d.
6
Let q(a) = -5*a**2 - 123*a - 37. Calculate the remainder when 1083 is divided by q(-24).
33
Let u(c) = -c**3 + 8*c**2 - 4*c + 4. Suppose -h = 5*x + 21, 2*h + x = -4*x - 12. What is the remainder when u(4) is divided by h?
7
Let u = -24 - -46. Suppose 4*w - 16 = -2*q, -5*q + u = -0*q + 4*w. Suppose -t = t - 2. Calculate the remainder when q is divided by t.
0
Suppose 7*m - 3*m = -4*a + 4032, -993 = -a + 4*m. What is the remainder when a is divided by 24?
21
Calculate the remainder when (-389)/(0 + (-5)/40*4) is divided by 20.
18
Let d(h) = 27*h - 31. Calculate the remainder when 97 is divided by d(3).
47
Suppose 0 = -4*a + 17*a - 26. Suppose o + a*n = 13, n = 2*o - 3*o + 17. Calculate the remainder when 81 is divided by o.
18
Let j(u) = -4*u - 1. Let y(h) = h**2 + 3*h + 4. What is the remainder when j(-2) is divided by y(-3)?
3
Let v(w) = w**3 + 16*w**2 + 20*w - 19. Let b be v(-15). Let t = -73 - b. Calculate the remainder when t is divided by 6.
3
Let v(r) be the first derivative of 6*r**2 - 5*r - 1. Calculate the remainder when v(1) is divided by 5.
2
Let w(b) = b**2 + b + 1. Suppose c - 3 = 2*f, -f - 4*f = -4*c + 24. Calculate the remainder when w(-5) is divided by c.
10
Let m(d) = -d**3 + 4*d**2 + 7*d - 9. Let l be m(5). What is the remainder when 96 is divided by ((-40)/100)/(l/(-50))?
16
Suppose -36 = -5*i - 4*d, -i - 5*d - 16 = -10*d. Let j(x) = x + 18. What is the remainder when j(2) is divided by i?
0
Let c = 32 + -3. Let u(q) = q**3 - 6*q**2 + q - 1. Let n be u(6). Suppose n*h + r = 81 + 3, -20 = -5*r. Calculate the remainder when c is divided by h.
13
Suppose -i - 42 = 4*k - 324, -4*k = -4*i + 1068. Calculate the remainder when i is divided by 32.
14
Let f(k) = 84*k**2 + 38*k - 37. What is the remainder when f(1) is divided by 52?
33
Suppose 5*s - 97 = -2*j, -213 - 52 = -5*j - 5*s. What is the remainder when j is divided by 18?
2
Let p = -630 - -711. Calculate the remainder when 168 is divided by p.
6
Suppose -222 = 3*d - 117. Let b = -27 - d. What is the remainder when 27 is divided by b?
3
Let a(w) = -w**2 - 73*w - 10 + 59*w - 11. Calculate the remainder when 68 is divided by a(-10).
11
Let h be 22/(-4) + 3/6. Let g(f) = -2*f - 6. Suppose 0*p + 18 = 4*p + 2*t, t = 3. What is the remainder when g(h) is divided by p?
1
Let p = 1699 + -1541. What is the remainder when p is divided by 147?
11
Let q(o) = -3*o - 9. Let g be q(9). Let j = -21 - g. What is the remainder when j is divided by 9?
6
Suppose 3*q - 2*h = 14, 0 = q - 4*q - 3*h - 6. Suppose 3*f - 5 = -2*u + u, 2*u = q*f + 42. What is the remainder when 24 is divided by u?
7
Suppose 71 = 9*n + 26. Calculate the remainder when 32 is divided by n.
2
Let m(u) = u**3 + 18*u**2 - 2*u + 18. Calculate the remainder when 204 is divided by m(-18).
42
Let z = -281 + 327. Suppose 4*i + 4*t = 204, 5*